*w**2 - 57*w - 49. Is c(29) a composite number?
True
Let d = 155379 - 93208. Is d a prime number?
True
Suppose -o - 3*x + 7*x + 23 = 0, -o + 5*x = -26. Suppose o*t = 5*t - 12. Is (t - (-25)/10)/((-2)/(-1868)) a composite number?
False
Suppose -3*o + 4*c = 22276, 4*o + 6*c - 2*c = -29748. Is 3 + 5/(-10)*o a composite number?
False
Let z = 28135 + -3564. Is z a composite number?
False
Let t(f) = -2*f**3 - 11*f**2 + 23*f. Let p(h) = -h**3 + h**2 - 2*h - 1. Let b(q) = -3*p(q) + t(q). Is b(18) a prime number?
False
Let s = 528017 - 227974. Is s composite?
False
Is 32 + 545575/15 - (-2)/(-3) a prime number?
False
Let t be -7 - (-2)/(-10)*25. Is ((-96568)/t)/(4/6) composite?
False
Let p be 3*(-4)/(-6) + -5. Let r be -3*((-50)/(-15) + p). Is r/(2 - (-1341)/(-669)) a prime number?
True
Let b = -141 - -136. Let u(t) = -17*t**3 - 4*t**2 - 6*t - 10. Is u(b) a prime number?
False
Is (64037/3)/((-88)/(-2904)) a prime number?
False
Let u = 235185 + 408566. Is u a composite number?
False
Suppose 139*b = 140*b - 2. Suppose m = -0*s - 5*s + 76860, b*m = -2*s + 30736. Is s prime?
True
Is 2 + 0 - -12177 - 1 composite?
True
Let j(z) = -6*z**2 + 23*z - 27. Let o be j(12). Let k = o + 1580. Is k composite?
True
Suppose -9*c + 821935 = -106064. Is c a prime number?
False
Suppose -7*l + 29 = 1. Suppose 2*z + 9049 = -l*m + 9*m, -4*z + 1823 = m. Is m a composite number?
False
Is 30 + 86645214/493 + (-2)/(-34) a composite number?
False
Let a(p) = 1668*p**2 - 5*p - 4. Suppose -9*t + 115 - 124 = 0. Is a(t) a composite number?
False
Let m = -17 - -47. Is 25*-101*(-6)/m a composite number?
True
Let a(t) = -t**3 + 10*t**2 - 6*t - 22. Let b be a(9). Let r be (3/b)/(25/250). Suppose 8465 = r*h - h. Is h a prime number?
True
Suppose -20090 = -5*j - 5*f, 2*j + j - 12052 = -4*f. Let t = j - 2030. Let a = -1319 + t. Is a a composite number?
True
Let v(u) = 654*u - 10. Let j be v(3). Suppose -2*p = -4*p + j. Let i = p + -639. Is i prime?
True
Suppose 13*r = 14 - 79. Is ((-362)/r)/((0 + -2)/(-10)) prime?
False
Let f = 243216 + -51443. Is f composite?
False
Let s be 49/5 - (-20)/100. Suppose -s*y + 11*y - 1381 = 0. Is y a prime number?
True
Let n = -3 - -3950. Is n a composite number?
False
Let i = 2 + -4. Suppose -10 = 160*f - 165*f - 5*l, 0 = 2*f + l + 2. Is (17 + (i - f))*(-246)/(-6) a prime number?
False
Let s = 29 - 37. Let k = 10 + s. Suppose k*g = -5*y + 334, 5*g + y = -472 + 1261. Is g composite?
False
Suppose -h - h = -4. Suppose -2044 = -4*f + m, 3*m + 2036 = 4*f - 0*m. Is h/(-2) + (f - -6) prime?
False
Let t(k) = -1006*k**3 + k**2 + 8*k + 8. Let x be t(-1). Let u = -652 + 1174. Let m = x - u. Is m a composite number?
True
Suppose -12*m - 43911 = -53*m. Let c = m + -578. Is c prime?
False
Let a be 4 + 1 - (3 - 1). Suppose -a*y + 887 + 1444 = -3*s, -4*y - 5*s = -3117. Is y a prime number?
False
Suppose 9*i - 7*i - r - 15108 = 0, -i + 7551 = -2*r. Suppose -4*l - i = -9*l. Is l a prime number?
True
Suppose -5*t = 5*z - 522285, 0 = 6*z - 2*t + 116889 - 743663. Is z composite?
True
Let b be ((-80)/(-4))/(4/(-34)). Let i = b + 360. Let x = i - 51. Is x a composite number?
False
Let m be -6*((-75)/(-190) - (-2)/19). Is 11170/5 - (-9)/m prime?
False
Is 32258*3/18*9/3 composite?
True
Let y(j) = j**3 + 16*j**2 + 39*j + 139. Let w be y(-14). Let q(f) = f**2 + 37*f + 35. Let i(n) = 36*n + 34. Let d(l) = -4*i(l) + 3*q(l). Is d(w) prime?
False
Let u(w) be the second derivative of -5*w**3/2 + 11*w**2/2 - 12*w. Let j be u(-12). Suppose q = j + 328. Is q prime?
False
Let n(y) be the second derivative of -5*y**5/4 - y**4/24 + 29*y**3/6 + 11*y. Let z(j) be the second derivative of n(j). Is z(-1) a prime number?
True
Let k = 576310 + 46503. Is k a composite number?
False
Suppose 5*z - 84 = -2*z. Suppose g = 5*m - z, -3*g + 2*g = -m. Suppose 0 = -5*x - m*u + 1538, -3*u + 3 = -0*u. Is x a composite number?
False
Is (-398126 - 0)*12/8*40/(-120) a prime number?
False
Let j(t) = -t**3 - 16*t - 6*t**2 + 8 + 16*t. Let c be j(-6). Suppose -c*p - 519 + 5887 = 0. Is p a composite number?
True
Let c(h) = -139*h + 1863. Is c(-14) composite?
True
Suppose -46*u + 31*u + 6337185 = 0. Is u composite?
False
Suppose p = -h + 25, -4*p - h + 64 + 33 = 0. Suppose 3*d + 0*d = 2*i + p, -i = 3. Suppose 265 - 2683 = -d*g. Is g composite?
True
Suppose -3*o + 6*o + 4*g = 9, 2*o - 2*g + 8 = 0. Let k be ((-3 + o)/4 - -5992) + 3. Suppose 4*u = -5*i + 1373 + k, 4*i + 4*u = 5896. Is i composite?
False
Suppose 37050 = 7*j + 3*j. Let d = j - 2056. Is d a composite number?
True
Suppose 10*j - 6 + 6 = 0. Suppose 6*b - 17961 = b + 4*z, j = -3*z + 3. Is b composite?
False
Let o(c) = c**3 + 3*c**2 - 107*c + 2. Let j be o(0). Let h(t) = 11 + 7*t + 4*t + 43*t. Is h(j) prime?
False
Let b(g) = -g**2 + 17*g + 43. Let o be b(19). Suppose -c - 815 + 2868 = o*t, 0 = c - 2*t - 2067. Is c a composite number?
False
Let o(s) = 2*s**3 + 22*s**2 + 32*s + 17. Is o(10) prime?
False
Let a(z) = 6*z**2 - 23*z + 10. Let x be a(12). Suppose -7*n + 37901 = x. Suppose -728 = -3*j + n. Is j a prime number?
False
Is 2048322/(-15)*39/((-1482)/95) a prime number?
False
Suppose 24 - 14 = -5*u. Let g be ((-1)/2 + (-16)/8)*u. Suppose 4*t + 58 = g*t. Is t composite?
True
Let v(u) = -57*u**3 - 19*u**2 + 20*u + 49. Is v(-9) composite?
False
Suppose 0 = 3*q + 5*w + 3359, q - 6*w + 3*w = -1115. Let y = -723 - q. Is y prime?
False
Let n(u) = u**2 + 8*u + 18. Let i be n(-4). Suppose -i*y = y - 5079. Is y a prime number?
True
Suppose 8*z - 4581 = 71259. Let x = 17791 - z. Is x composite?
False
Let a = 76456 + 18223. Is a composite?
True
Suppose 0 = 11*r + 17*r + 15204. Let o = -364 - r. Is o a composite number?
False
Is ((-1)/(-8))/(-3*(-11)/(-66))*-107924 composite?
False
Let d(t) = 9175*t + 14284. Is d(199) prime?
True
Let i(c) = c + 8*c + 22 - 4*c - 3*c. Let t be i(-5). Suppose t*b + 2692 = 16*b. Is b prime?
True
Suppose 3*n - 8*i = 8*n - 6743, 4*n - 2*i - 5344 = 0. Is n composite?
True
Let y(x) = 16*x**3 + 2*x**2 - x + 1. Let z be y(5). Let m = -1213 + z. Suppose m = 3*g - 2680. Is g a composite number?
False
Suppose 10694 + 49596 = 10*h. Is h a composite number?
False
Let d(f) = -98*f + 21. Let c be d(-23). Suppose -c = -13*h + 2678. Is h a composite number?
True
Let y be (-3608)/(-5) - (-6)/15. Let j = y + -1531. Let l = 1350 + j. Is l composite?
False
Let p = 87261 - -313702. Is p a prime number?
True
Suppose 0 = 4*f + 3*x + 5, -2*f - 25 = -14*x + 11*x. Is -5 + 5 + f + 4650 prime?
False
Suppose 8 = -2*w - 2*o, 4*o - 1 = 5*o. Let f(p) = -8*p**3 + 5*p**2 + 5*p + 3. Let z be f(w). Suppose 4*h = -x + z, 0*x - 4*x + 1040 = 5*h. Is x composite?
True
Let m(i) = -6*i**3 - 8*i**2 + 3. Let x(r) = -20*r**3 - 25*r**2 - r + 10. Let q(j) = -7*m(j) + 2*x(j). Is q(10) composite?
False
Suppose 5 = -4*q - 5*x, x + 5 = 2*q + 2*x. Let i(n) be the first derivative of 234*n**2 - 7*n - 37. Is i(q) a prime number?
True
Let m(b) = -165898*b - 1691. Is m(-1) a prime number?
False
Let i = 418 - 390. Is ((-5158)/8)/(i/(-112)) a composite number?
False
Suppose 120 - 30 = 2*m. Suppose 4*w - 12 = -s + 63, -3*s + m = 2*w. Suppose -3*a + 93 = w. Is a a composite number?
True
Let q(z) = 147*z**2 - 2*z - 1. Suppose 3*u - s + 183 = 3*s, 0 = -2*u + 3*s - 123. Let a = u - -59. Is q(a) composite?
True
Let o = 80020 - -139729. Is o a composite number?
False
Suppose 4*x + g - 1135 = 2*g, -3*g - 292 = -x. Let d(h) = -23*h**2 + 2*h + 1. Let f be d(-1). Let t = x + f. Is t a prime number?
False
Let z be -2 + 13925 + (-9 - -1 - -4). Suppose -8*h = -9*h + 2*g + 4629, 3*h - z = -2*g. Is h a composite number?
False
Suppose 86 - 76 = i. Let q(u) = 482*u + 33. Is q(i) a prime number?
False
Let g = 20141 - 11536. Is g a prime number?
False
Suppose i + 5*u = -54000, 111185 = -4*i - 3*u - 104764. Is i/(-12) - (-11)/44 a composite number?
True
Suppose -210*h = -202*h - 56. Suppose 112607 = h*v - 153050. Is v prime?
True
Let n be (1 - (-10)/(-4))/((-231)/4466). Suppose -n*f + 6*f = -203389. Is f prime?
False
Let f be (7 - 2)*(-8)/(-8). Suppose -f*j + 3109 = 3*b, -2*b + 1197 + 668 = 3*j. Is j a composite number?
True
Let d(w) be the second derivative of 5*w**2 + 11/6*w**4 + 0 + 1/2*w**3 - w. Is d(11) a prime number?
False
Let m(t) = 87*t**2 + 15*t + 41. Let g be m(-5). Let o = g + -1254. Is o composite?
False
Let